{"id":150,"date":"2021-08-05T18:50:48","date_gmt":"2021-08-05T18:50:48","guid":{"rendered":"http:\/\/becas.gov.py\/?page_id=150"},"modified":"2021-08-05T20:15:29","modified_gmt":"2021-08-05T20:15:29","slug":"fondo-nacional-de-becas","status":"publish","type":"page","link":"https:\/\/becas.gov.py\/?page_id=150","title":{"rendered":"Fondo Nacional de Becas"},"content":{"rendered":"<p>[et_pb_section fb_built=\u00bb1&#8243; admin_label=\u00bbHero Section\u00bb _builder_version=\u00bb3.22&#8243; use_background_color_gradient=\u00bbon\u00bb background_color_gradient_start=\u00bb#6b73ff\u00bb background_color_gradient_end=\u00bb#000dff\u00bb background_color_gradient_direction=\u00bb100deg\u00bb background_image=\u00bbhttp:\/\/becas.gov.py\/wp-content\/uploads\/2021\/08\/section-bg-hero2.png\u00bb custom_padding=\u00bb2.2%||0%|||\u00bb][et_pb_row admin_label=\u00bbHero Area\u00bb _builder_version=\u00bb4.9.10&#8243; background_size=\u00bbinitial\u00bb background_position=\u00bbtop_left\u00bb background_repeat=\u00bbrepeat\u00bb custom_padding=\u00bb||26px|||\u00bb][et_pb_column type=\u00bb4_4&#8243; _builder_version=\u00bb4.9.10&#8243; custom_padding=\u00bb0px||0px||false|false\u00bb custom_padding__hover=\u00bb|||\u00bb][et_pb_cta title=\u00bbFondo Nacional de Becas\u00bb button_url=\u00bb#\u00bb admin_label=\u00bbHero Text\u00bb _builder_version=\u00bb4.9.10&#8243; header_level=\u00bbh1&#8243; header_font=\u00bbPoppins|600|||||||\u00bb header_font_size=\u00bb48px\u00bb header_line_height=\u00bb1.4em\u00bb body_font=\u00bbPoppins||||||||\u00bb body_font_size=\u00bb18px\u00bb body_line_height=\u00bb1.8em\u00bb use_background_color=\u00bboff\u00bb custom_button=\u00bbon\u00bb button_text_size=\u00bb14px\u00bb button_text_color=\u00bb#2a2a2a\u00bb button_bg_color=\u00bb#ffffff\u00bb button_border_width=\u00bb12px\u00bb button_border_color=\u00bb#ffffff\u00bb button_letter_spacing=\u00bb2px\u00bb button_font=\u00bbPoppins|600||on|||||\u00bb button_icon=\u00bb%%3%%\u00bb text_orientation=\u00bbleft\u00bb custom_margin=\u00bb||12px||false|false\u00bb animation_style=\u00bbfade\u00bb button_text_size__hover_enabled=\u00bboff\u00bb button_one_text_size__hover_enabled=\u00bboff\u00bb button_two_text_size__hover_enabled=\u00bboff\u00bb button_text_color__hover_enabled=\u00bboff\u00bb button_one_text_color__hover_enabled=\u00bboff\u00bb button_two_text_color__hover_enabled=\u00bboff\u00bb button_border_width__hover_enabled=\u00bboff\u00bb button_one_border_width__hover_enabled=\u00bboff\u00bb button_two_border_width__hover_enabled=\u00bboff\u00bb button_border_color__hover_enabled=\u00bboff\u00bb button_one_border_color__hover_enabled=\u00bboff\u00bb button_two_border_color__hover_enabled=\u00bboff\u00bb button_border_radius__hover_enabled=\u00bboff\u00bb button_one_border_radius__hover_enabled=\u00bboff\u00bb button_two_border_radius__hover_enabled=\u00bboff\u00bb button_letter_spacing__hover_enabled=\u00bboff\u00bb button_one_letter_spacing__hover_enabled=\u00bboff\u00bb button_two_letter_spacing__hover_enabled=\u00bboff\u00bb button_bg_color__hover_enabled=\u00bboff\u00bb button_one_bg_color__hover_enabled=\u00bboff\u00bb button_two_bg_color__hover_enabled=\u00bboff\u00bb][\/et_pb_cta][\/et_pb_column][\/et_pb_row][\/et_pb_section][et_pb_section fb_built=\u00bb1&#8243; admin_label=\u00bbService Section\u00bb _builder_version=\u00bb3.22&#8243; background_image=\u00bbhttp:\/\/becas.gov.py\/wp-content\/uploads\/2021\/08\/section-bg-triangle-left3.png\u00bb background_position=\u00bbtop_center\u00bb custom_padding=\u00bb90px||90px|0px\u00bb][et_pb_row column_structure=\u00bb2_3,1_3&#8243; admin_label=\u00bbTitle Area\u00bb _builder_version=\u00bb4.9.10&#8243; custom_padding=\u00bb||40px|\u00bb][et_pb_column type=\u00bb2_3&#8243; _builder_version=\u00bb4.9.10&#8243; custom_padding=\u00bb|||\u00bb custom_padding__hover=\u00bb|||\u00bb][et_pb_text admin_label=\u00bbTitle\u00bb _builder_version=\u00bb4.9.10&#8243; text_font=\u00bbPoppins||||||||\u00bb text_line_height=\u00bb1.8em\u00bb header_font=\u00bbPoppins|600|||||||\u00bb header_font_size=\u00bb33px\u00bb header_2_font=\u00bbPoppins|600|||||||\u00bb header_2_font_size=\u00bb36px\u00bb header_2_line_height=\u00bb1.4em\u00bb module_alignment=\u00bbcenter\u00bb custom_margin=\u00bb-31px|0px|0px|0px|false|false\u00bb custom_padding=\u00bb30px|30px|30px|30px|true|true\u00bb animation_style=\u00bbslide\u00bb animation_direction=\u00bbtop\u00bb animation_intensity_slide=\u00bb10%\u00bb animation_starting_opacity=\u00bb100%\u00bb border_radii=\u00bbon|10px|10px|10px|10px\u00bb box_shadow_style=\u00bbpreset1&#8243; box_shadow_vertical=\u00bb7px\u00bb box_shadow_blur=\u00bb41px\u00bb box_shadow_color=\u00bbrgba(0,0,0,0.08)\u00bb]<\/p>\n<h1>\u00bfQu\u00e9 es el Fondo Nacional de Becas?<\/h1>\n<p>Cr\u00e9ase el Fondo Nacional de Becas. Este fondo se destinar\u00e1 al financiamiento de los programas de becas, a su registro, a la identificaci\u00f3n de las prioridades nacionales de carreras de grado y postgrado y a su difusi\u00f3n, as\u00ed como a los dem\u00e1s gastos que disponga el Consejo Nacional de Becas y que sean imprescindibles para el cumplimiento de la presente Ley.<\/p>\n<p><span style=\"font-weight: 400;\">Del presupuesto asignado a este fondo, estar\u00e1n exceptuadas las transferencias consolidadas, los pr\u00e9stamos y las donaciones recibidas.<\/span>\u00a0<\/p>\n<p><span style=\"font-weight: 400;\">Este fondo formar\u00e1 parte del presupuesto general de gastos del Ministerio de Educaci\u00f3n y Cultura, y representar\u00e1 al menos el 2% (dos por ciento) del monto total asignado a dicho Ministerio.<\/span><\/p>\n<p><span style=\"font-weight: 400;\">El Ministerio de Educaci\u00f3n y Cultura promover\u00e1 la participaci\u00f3n del sector p\u00fablico y privado, nacional e internacional, con el objeto de ampliar el presupuesto del fondo a trav\u00e9s de donaciones y cooperaci\u00f3n t\u00e9cnica nacional e internacional no reembolsable.<\/span><\/p>\n<p><span style=\"font-weight: 400;\">El Consejo Nacional de Becas publicar\u00e1 en forma detallada y permanente el presupuesto del Fondo as\u00ed como el destino erogaciones del mismo en p\u00e1gina web del Ministerio de Educaci\u00f3n y Cultura.<\/span><\/p>\n<p>[\/et_pb_text][\/et_pb_column][et_pb_column type=\u00bb1_3&#8243; _builder_version=\u00bb4.9.10&#8243; custom_padding=\u00bb|||\u00bb custom_padding__hover=\u00bb|||\u00bb][et_pb_text admin_label=\u00bbTitle\u00bb _builder_version=\u00bb4.9.10&#8243; text_font=\u00bbPoppins||||||||\u00bb text_line_height=\u00bb1.8em\u00bb header_font=\u00bb||||||||\u00bb header_2_font=\u00bbPoppins|600|||||||\u00bb header_2_font_size=\u00bb36px\u00bb header_2_line_height=\u00bb1.4em\u00bb module_alignment=\u00bbcenter\u00bb animation_style=\u00bbslide\u00bb animation_direction=\u00bbtop\u00bb animation_intensity_slide=\u00bb10%\u00bb animation_starting_opacity=\u00bb100%\u00bb]<\/p>\n<h3><b>Elaboraci\u00f3n del Presupuesto<\/b><\/h3>\n<p><strong><\/strong><\/p>\n<p><strong><span style=\"font-weight: 400;\">El Consejo Nacional de Becas formular\u00e1 anualmente el anteproyecto de presupuesto, previendo las asignaciones para las becas, gastos del personal remunerado, los vi\u00e1ticos para solventar los viajes que realicen los miembros y\/o personal competente en cumplimiento de sus funciones legales y todos los dem\u00e1s que sean necesarios para su funcionamiento.<\/span><\/strong><\/p>\n<p>[\/et_pb_text][\/et_pb_column][\/et_pb_row][\/et_pb_section][et_pb_section fb_built=\u00bb1&#8243; _builder_version=\u00bb4.9.10&#8243; _module_preset=\u00bbdefault\u00bb background_color=\u00bb#002975&#8243; custom_padding=\u00bb14px||7px|||\u00bb global_module=\u00bb189&#8243;][et_pb_row column_structure=\u00bb3_4,1_4&#8243; _builder_version=\u00bb4.9.10&#8243; _module_preset=\u00bbdefault\u00bb custom_css_main_element=\u00bbdisplay:flex;||align-items:center;\u00bb][et_pb_column type=\u00bb3_4&#8243; _builder_version=\u00bb4.9.10&#8243; _module_preset=\u00bbdefault\u00bb][et_pb_image src=\u00bbhttp:\/\/becas.gov.py\/wp-content\/uploads\/2021\/08\/logos-becas-claro.png\u00bb title_text=\u00bblogos-becas-claro\u00bb _builder_version=\u00bb4.9.10&#8243; _module_preset=\u00bbdefault\u00bb][\/et_pb_image][\/et_pb_column][et_pb_column type=\u00bb1_4&#8243; _builder_version=\u00bb4.9.10&#8243; _module_preset=\u00bbdefault\u00bb][et_pb_image src=\u00bbhttp:\/\/becas.gov.py\/wp-content\/uploads\/2021\/08\/Marca-MITIC-desarrollado-por-ALT.png\u00bb title_text=\u00bbMarca-MITIC-desarrollado-por-ALT\u00bb _builder_version=\u00bb4.9.10&#8243; _module_preset=\u00bbdefault\u00bb][\/et_pb_image][\/et_pb_column][\/et_pb_row][\/et_pb_section]<\/p>\n","protected":false},"excerpt":{"rendered":"<p>\u00bfQu\u00e9 es el Fondo Nacional de Becas? Cr\u00e9ase el Fondo Nacional de Becas. Este fondo se destinar\u00e1 al financiamiento de los programas de becas, a su registro, a la identificaci\u00f3n de las prioridades nacionales de carreras de grado y postgrado y a su difusi\u00f3n, as\u00ed como a los dem\u00e1s gastos que disponga el Consejo Nacional [&hellip;]<\/p>\n","protected":false},"author":1,"featured_media":0,"parent":0,"menu_order":0,"comment_status":"closed","ping_status":"closed","template":"","meta":{"_acf_changed":false,"_et_pb_use_builder":"on","_et_pb_old_content":"","_et_gb_content_width":"","footnotes":""},"class_list":["post-150","page","type-page","status-publish","hentry"],"acf":[],"_links":{"self":[{"href":"https:\/\/becas.gov.py\/index.php?rest_route=\/wp\/v2\/pages\/150","targetHints":{"allow":["GET"]}}],"collection":[{"href":"https:\/\/becas.gov.py\/index.php?rest_route=\/wp\/v2\/pages"}],"about":[{"href":"https:\/\/becas.gov.py\/index.php?rest_route=\/wp\/v2\/types\/page"}],"author":[{"embeddable":true,"href":"https:\/\/becas.gov.py\/index.php?rest_route=\/wp\/v2\/users\/1"}],"replies":[{"embeddable":true,"href":"https:\/\/becas.gov.py\/index.php?rest_route=%2Fwp%2Fv2%2Fcomments&post=150"}],"version-history":[{"count":5,"href":"https:\/\/becas.gov.py\/index.php?rest_route=\/wp\/v2\/pages\/150\/revisions"}],"predecessor-version":[{"id":193,"href":"https:\/\/becas.gov.py\/index.php?rest_route=\/wp\/v2\/pages\/150\/revisions\/193"}],"wp:attachment":[{"href":"https:\/\/becas.gov.py\/index.php?rest_route=%2Fwp%2Fv2%2Fmedia&parent=150"}],"curies":[{"name":"wp","href":"https:\/\/api.w.org\/{rel}","templated":true}]}}